{"id":351,"date":"2019-04-28T10:44:35","date_gmt":"2019-04-28T08:44:35","guid":{"rendered":"http:\/\/portfolio.juliemouillac.fr\/?page_id=351"},"modified":"2021-04-04T18:39:49","modified_gmt":"2021-04-04T16:39:49","slug":"mes-diplomes-2","status":"publish","type":"page","link":"https:\/\/portfolio.juliemouillac.fr\/?page_id=351","title":{"rendered":"Mes dipl\u00f4mes"},"content":{"rendered":"\n\t<!--Card image-->\n\t\t\t\t<img decoding=\"async\" src=\"https:\/\/portfolio.juliemouillac.fr\/wp-content\/plugins\/beaver-builder-lite-version\/img\/pixel.png\" alt=\"\" itemprop=\"image\"  \/>\n\t<!--\/.Card image-->\n\t<!--Card content-->\n\t\t\t<!--Title-->\n\t\t<h4>Licence Management et Sciences Humaines &#8211; iaelyon<\/h4>\n\t\t<!--\/.Title-->\n\t\t\t<!--Text-->\n\t\t\t\t<p>Actuellement en deuxi\u00e8me ann\u00e9e, j&rsquo;\u00e9tudie tous les fondamentaux de la gestion d&rsquo;entreprise. Des politiques g\u00e9n\u00e9rales de gestion \u00e0 l&rsquo;analyse financi\u00e8re, en passant par l&rsquo;\u00e9tude de march\u00e9 et le droit commercial, cette formation me permet de d\u00e9couvrir toutes les facettes de l&rsquo;administration d&rsquo;une entreprise.\u00a0<\/p>\t\t\t\n\t\t<!--\/.Text-->\n\t\t\t<!--Link--> \n\t\t\t\t\t<!--\/.Link-->\n\t<!--\/.Card content-->\n\t<!--Card image-->\n\t\t\t\t<img decoding=\"async\" src=\"https:\/\/portfolio.juliemouillac.fr\/wp-content\/plugins\/beaver-builder-lite-version\/img\/pixel.png\" alt=\"\" itemprop=\"image\"  \/>\n\t<!--\/.Card image-->\n\t<!--Card content-->\n\t\t\t<!--Title-->\n\t\t<h4>TOEIC &#8211; Test de niveau d&rsquo;anglais<\/h4>\n\t\t<!--\/.Title-->\n\t\t\t<!--Text-->\n\t\t\t\t<p><img loading=\"lazy\" decoding=\"async\" src=\"http:\/\/portfolio.juliemouillac.fr\/wp-content\/uploads\/2021\/04\/toeic-2-150x150.png\" alt=\"\" width=\"150\" height=\"150\" \/>J&rsquo;ai pass\u00e9 le test du TOEIC en 2020, auquel j&rsquo;ai obtenu un score de 770 (ce qui correspond \u00e0 un tr\u00e8s bon niveau professionnel).<\/p>\t\t\t\n\t\t<!--\/.Text-->\n\t\t\t<!--Link--> \n\t\t\t\t\t<!--\/.Link-->\n\t<!--\/.Card content-->\n\t<!--Card image-->\n\t\t\t\t<img decoding=\"async\" src=\"https:\/\/portfolio.juliemouillac.fr\/wp-content\/plugins\/beaver-builder-lite-version\/img\/pixel.png\" alt=\"\" itemprop=\"image\"  \/>\n\t<!--\/.Card image-->\n\t<!--Card content-->\n\t\t\t<!--Title-->\n\t\t<h4>Cambridge Assessment Certificate &#8211; Test d&rsquo;anglais<\/h4>\n\t\t<!--\/.Title-->\n\t\t\t<!--Text-->\n\t\t\t\t<p><img loading=\"lazy\" decoding=\"async\" src=\"http:\/\/portfolio.juliemouillac.fr\/wp-content\/uploads\/2019\/03\/Cambridge_Assessment_logo-150x150.jpg\" alt=\"\" width=\"150\" height=\"150\" \/>J&rsquo;ai eu l&rsquo;occasion, gr\u00e2ce \u00e0 la section europ\u00e9enne que j&rsquo;ai faite au lyc\u00e9e, de pouvoir passer une certification de langue anglaise, en 2019. J&rsquo;ai obtenu le niveau de langue B2 (ce qui correspond \u00e0 un anglais professionnel).\u00a0<\/p>\t\t\t\n\t\t<!--\/.Text-->\n\t\t\t<!--Link--> \n\t\t\t\t\t<!--\/.Link-->\n\t<!--\/.Card content-->\n\t<!--Card image-->\n\t\t\t\t<img decoding=\"async\" src=\"https:\/\/portfolio.juliemouillac.fr\/wp-content\/plugins\/beaver-builder-lite-version\/img\/pixel.png\" alt=\"\" itemprop=\"image\"  \/>\n\t<!--\/.Card image-->\n\t<!--Card content-->\n\t\t\t<!--Title-->\n\t\t<h4>Licence Langues Etrang\u00e8res Appliqu\u00e9es &#8211; Universit\u00e9 J. Moulin Lyon 3<\/h4>\n\t\t<!--\/.Title-->\n\t\t\t<!--Text-->\n\t\t\t\t<p>Actuellement en deuxi\u00e8me ann\u00e9e, je suis cette licence en parall\u00e8le \u00e0 la licence de gestion : je suis un double cursus. Les langues que j&rsquo;\u00e9tudie sont l&rsquo;anglais et l&rsquo;italien. J&rsquo;\u00e9tudie tant la g\u00e9opolitique de ces pays (Italie et principalement Etats-Unis et Royaume-Uni) que les principes de droit r\u00e9gissant le commerce et les entreprises.\u00a0<\/p>\t\t\t\n\t\t<!--\/.Text-->\n\t\t\t<!--Link--> \n\t\t\t\t\t<!--\/.Link-->\n\t<!--\/.Card content-->\n\t<!--Card image-->\n\t\t\t\t<img decoding=\"async\" src=\"https:\/\/portfolio.juliemouillac.fr\/wp-content\/plugins\/beaver-builder-lite-version\/img\/pixel.png\" alt=\"\" itemprop=\"image\"  \/>\n\t<!--\/.Card image-->\n\t<!--Card content-->\n\t\t\t<!--Title-->\n\t\t<h4>Baccalaur\u00e9at s\u00e9rie Economique et Social &#8211; Lyc\u00e9e du Val de Sa\u00f4ne<\/h4>\n\t\t<!--\/.Title-->\n\t\t\t<!--Text-->\n\t\t\t\t<p><img loading=\"lazy\" decoding=\"async\" src=\"http:\/\/portfolio.juliemouillac.fr\/wp-content\/uploads\/2021\/04\/bac2-150x150.png\" alt=\"\" width=\"150\" height=\"150\" \/>J&rsquo;ai obtenu le baccalaur\u00e9at s\u00e9rie ES en 2019, avec une sp\u00e9cialisation en math\u00e9matiques, un cursus \u00ab\u00a0anglais europ\u00e9en\u00a0\u00bb (dont mon dipl\u00f4me fait mention) et une option de troisi\u00e8me langue vivante, l&rsquo;espagnol.\u00a0<\/p>\t\t\t\n\t\t<!--\/.Text-->\n\t\t\t<!--Link--> \n\t\t\t\t\t<!--\/.Link-->\n\t<!--\/.Card content-->\n\t<!--Card image-->\n\t\t\t\t<img decoding=\"async\" src=\"https:\/\/portfolio.juliemouillac.fr\/wp-content\/plugins\/beaver-builder-lite-version\/img\/pixel.png\" alt=\"\" itemprop=\"image\"  \/>\n\t<!--\/.Card image-->\n\t<!--Card content-->\n\t\t\t<!--Title-->\n\t\t<h4>Pr\u00e9vention et Secours Civiques de niveau 1<\/h4>\n\t\t<!--\/.Title-->\n\t\t\t<!--Text-->\n\t\t\t\t<p><img loading=\"lazy\" decoding=\"async\" src=\"http:\/\/portfolio.juliemouillac.fr\/wp-content\/uploads\/2021\/04\/psc1-150x150.jpg\" alt=\"\" width=\"150\" height=\"150\" \/>Lorsque j&rsquo;\u00e9tais en classe de 3\u00e8me, au coll\u00e8ge, j&rsquo;ai eu l&rsquo;occasion d&rsquo;\u00eatre form\u00e9e aux premiers secours, et j&rsquo;en ai obtenu le certificat.<\/p>\t\t\t\n\t\t<!--\/.Text-->\n\t\t\t<!--Link--> \n\t\t\t\t\t<!--\/.Link-->\n\t<!--\/.Card content-->\n","protected":false},"excerpt":{"rendered":"<p>Licence Management et Sciences Humaines &#8211; iaelyon Actuellement en deuxi\u00e8me ann\u00e9e, j&rsquo;\u00e9tudie tous les fondamentaux de la gestion d&rsquo;entreprise. Des politiques g\u00e9n\u00e9rales de gestion \u00e0 l&rsquo;analyse financi\u00e8re, en passant par l&rsquo;\u00e9tude de march\u00e9 et le droit commercial, cette formation me permet de d\u00e9couvrir toutes les facettes de l&rsquo;administration d&rsquo;une entreprise.\u00a0 TOEIC &#8211; Test de niveau [&hellip;]<\/p>\n","protected":false},"author":1,"featured_media":0,"parent":0,"menu_order":0,"comment_status":"closed","ping_status":"closed","template":"","meta":{"footnotes":""},"_links":{"self":[{"href":"https:\/\/portfolio.juliemouillac.fr\/index.php?rest_route=\/wp\/v2\/pages\/351"}],"collection":[{"href":"https:\/\/portfolio.juliemouillac.fr\/index.php?rest_route=\/wp\/v2\/pages"}],"about":[{"href":"https:\/\/portfolio.juliemouillac.fr\/index.php?rest_route=\/wp\/v2\/types\/page"}],"author":[{"embeddable":true,"href":"https:\/\/portfolio.juliemouillac.fr\/index.php?rest_route=\/wp\/v2\/users\/1"}],"replies":[{"embeddable":true,"href":"https:\/\/portfolio.juliemouillac.fr\/index.php?rest_route=%2Fwp%2Fv2%2Fcomments&post=351"}],"version-history":[{"count":14,"href":"https:\/\/portfolio.juliemouillac.fr\/index.php?rest_route=\/wp\/v2\/pages\/351\/revisions"}],"predecessor-version":[{"id":640,"href":"https:\/\/portfolio.juliemouillac.fr\/index.php?rest_route=\/wp\/v2\/pages\/351\/revisions\/640"}],"wp:attachment":[{"href":"https:\/\/portfolio.juliemouillac.fr\/index.php?rest_route=%2Fwp%2Fv2%2Fmedia&parent=351"}],"curies":[{"name":"wp","href":"https:\/\/api.w.org\/{rel}","templated":true}]}}