{"id":5,"date":"2019-02-27T17:37:07","date_gmt":"2019-02-27T16:37:07","guid":{"rendered":"https:\/\/portfolio.juliemouillac.fr\/?page_id=2"},"modified":"2021-04-15T16:39:22","modified_gmt":"2021-04-15T14:39:22","slug":"page-d-exemple","status":"publish","type":"page","link":"https:\/\/portfolio.juliemouillac.fr\/?page_id=5","title":{"rendered":"\u00c0 propos de moi"},"content":{"rendered":"\n\n\t<p>Je m&rsquo;appelle Julie Mouillac, j&rsquo;ai 19 ans et je vis \u00e0 Lyon (69).<\/p>\n<p>J&rsquo;ai de nombreux passe-temps tels que les activit\u00e9s manuelles (petits et gros bricolages), la mode et l&rsquo;esth\u00e9tique (particuli\u00e8rement la proth\u00e9sie ongulaire), ainsi que le dessin et la peinture. J&rsquo;aime \u00e9galement regarder des s\u00e9ries t\u00e9l\u00e9vis\u00e9es et \u00e9couter de la musique.<\/p>\n<p>J&rsquo;adore passer du temps avec mes ami.e.s, rencontrer de nouvelles personnes et d\u00e9couvrir de nouvelles activit\u00e9s.<\/p>\n<p>J&rsquo;aime beaucoup voyager : mon plus grand r\u00eave serait de voyager tout autour du monde pour d\u00e9couvrir de nouvelles cultures, de nouveaux modes de vie, de nouveaux endroits.<\/p>\n\t\n\t<p>Je d\u00e9veloppe un r\u00e9el int\u00e9r\u00eat pour le monde du commerce, notamment pour la communication, le marketing et les relations internationales.<\/p>\n<p>Wanna know more about my skills? Just have a look below<\/p>\n<p>Je suis dynamique, curieuse et consciencieuse. Habile de mes mains, j&rsquo;aime autant le travail manuel qu&rsquo;intellectuel, comme l&rsquo;administration ou la bureautique. Je suis tr\u00e8s motiv\u00e9e dans tout ce que j&rsquo;entreprends, et je mets un point d&rsquo;honneur \u00e0 toujours respecter mes engagements. Ma t\u00e9nacit\u00e9 et ma volont\u00e9 de bien faire me permettent de toujours donner le meilleur de moi-m\u00eame, tant dans ma vie professionnelle que personnelle.<\/p>\n<p>J&rsquo;aime le travail d&rsquo;\u00e9quipe, mais je suis tout \u00e0 fait capable de travailler en autonomie. Je n&rsquo;ai pas peur de prendre des initiatives, et je sais faire preuve de conviction, patience et diplomatie.<\/p>\n\n","protected":false},"excerpt":{"rendered":"<p>Je m&rsquo;appelle Julie Mouillac, j&rsquo;ai 19 ans et je vis \u00e0 Lyon (69). J&rsquo;ai de nombreux passe-temps tels que les activit\u00e9s manuelles (petits et gros bricolages), la mode et l&rsquo;esth\u00e9tique (particuli\u00e8rement la proth\u00e9sie ongulaire), ainsi que le dessin et la peinture. J&rsquo;aime \u00e9galement regarder des s\u00e9ries t\u00e9l\u00e9vis\u00e9es et \u00e9couter de la musique. J&rsquo;adore passer du [&hellip;]<\/p>\n","protected":false},"author":1,"featured_media":0,"parent":2,"menu_order":1,"comment_status":"closed","ping_status":"closed","template":"","meta":{"footnotes":""},"_links":{"self":[{"href":"https:\/\/portfolio.juliemouillac.fr\/index.php?rest_route=\/wp\/v2\/pages\/5"}],"collection":[{"href":"https:\/\/portfolio.juliemouillac.fr\/index.php?rest_route=\/wp\/v2\/pages"}],"about":[{"href":"https:\/\/portfolio.juliemouillac.fr\/index.php?rest_route=\/wp\/v2\/types\/page"}],"author":[{"embeddable":true,"href":"https:\/\/portfolio.juliemouillac.fr\/index.php?rest_route=\/wp\/v2\/users\/1"}],"replies":[{"embeddable":true,"href":"https:\/\/portfolio.juliemouillac.fr\/index.php?rest_route=%2Fwp%2Fv2%2Fcomments&post=5"}],"version-history":[{"count":43,"href":"https:\/\/portfolio.juliemouillac.fr\/index.php?rest_route=\/wp\/v2\/pages\/5\/revisions"}],"predecessor-version":[{"id":678,"href":"https:\/\/portfolio.juliemouillac.fr\/index.php?rest_route=\/wp\/v2\/pages\/5\/revisions\/678"}],"up":[{"embeddable":true,"href":"https:\/\/portfolio.juliemouillac.fr\/index.php?rest_route=\/wp\/v2\/pages\/2"}],"wp:attachment":[{"href":"https:\/\/portfolio.juliemouillac.fr\/index.php?rest_route=%2Fwp%2Fv2%2Fmedia&parent=5"}],"curies":[{"name":"wp","href":"https:\/\/api.w.org\/{rel}","templated":true}]}}